 Let i = -65 + h. Calculate the greatest common factor of 15 and i.
3
Let k be 13/(7/2 - 4). Let l be ((-81)/(-234) - 4/k)*16. Calculate the greatest common factor of 64 and l.
8
Let u be 15/(-10) + 4/8. Let z be -1 + u + 24 + 4. Calculate the highest common factor of z and 208.
26
Let n(j) = 15*j**2 + 30*j - 113. Let r be n(4). What is the highest common factor of r and 13?
13
Let w be 87 + (-7 + 4 + 4)*0. What is the greatest common factor of w and 3?
3
Suppose -5*b = -5*s - 1685, -21*b - 1366 = -25*b - 2*s. Calculate the highest common factor of b and 80.
20
Let b(g) = 2*g**2 + 172*g - 718. Let c be b(-90). Suppose 4*q - 96 = q. Calculate the greatest common divisor of q and c.
2
Let j be 6*4/(24/(-57)). Let l = j - -189. Calculate the highest common divisor of l and 12.
12
Let o be (-2)/(-10) - 78/(-10). Suppose -204 = -4*j - 3*k - 65, -2*k = -3*j + 83. Let x = -27 + j. Calculate the highest common divisor of x and o.
4
Let o(q) = 11*q + 4. Let k be o(6). Suppose -4*t + 5*t = k. What is the highest common factor of t and 7?
7
Suppose 5*f + 2*s - 320 = s, -3*f + 209 = 4*s. Let o(j) = -111*j + 3561. Let m be o(32). Calculate the greatest common divisor of m and f.
9
Suppose -n - 74 = -68. Let a(f) = f**2 - f - 8. Let o be a(n). What is the greatest common divisor of 51 and o?
17
Let r(b) = 6*b - 44. Let z be r(8). Calculate the greatest common factor of z and 44.
4
Suppose 0 = -a + 10 - 1. Let q(g) = -g + 3. Let m be q(5). Let d = m + a. Calculate the highest common factor of 14 and d.
7
Suppose 0*t + 204 = 3*p - 4*t, -5*p = -4*t - 332. What is the highest common divisor of 576 and p?
64
Let m = 38 + -32. Suppose 0 = -m*z + 4*z + 266. What is the greatest common divisor of z and 19?
19
Let d(h) = -3*h - h**3 - 11*h**2 - h + 13 + 24*h**2. Let l be d(10). Calculate the highest common divisor of l and 39.
39
Let h(f) = 31*f - 34. Let i be h(-9). Let r = -148 - i. What is the greatest common divisor of r and 66?
33
Suppose k + k = 0. Suppose k*d + 2*d - 17 = -5*n, -2*d + 11 = 3*n. Calculate the greatest common factor of 2 and n.
1
Let x be (1 + 8/(-24))/((-4)/(-90)). What is the highest common divisor of 105 and x?
15
Let k = 17 - 12. Let w = -26 - -24. Let d be w/(-12)*14*15. Calculate the highest common factor of d and k.
5
Let o(t) = -6*t**2 + 67*t - 1. Let c be o(11). Calculate the greatest common divisor of c and 410.
10
Let o(f) = f**2 + 3*f + 3. Let d be o(-6). Suppose 5*q = -0*q + 300. Let j = 74 - q. What is the highest common factor of d and j?
7
Let j be (-88)/(-16)*2*5. Let i = j - 23. Calculate the greatest common divisor of i and 160.
32
Suppose 2*k + 5*k - 133 = 0. Let a = 19 + 109. Suppose -a = -5*v + 62. What is the greatest common factor of v and k?
19
Suppose -v = -18*v + 102. Let a be (18/4)/(6/56). Calculate the greatest common divisor of v and a.
6
Let x be 2 - (-1293 + (7 - 8)). What is the highest common factor of 48 and x?
48
Suppose -4*h = -2*h - c - 50, 3*h = -4*c + 64. Let x be h + (-9)/(27/(-12)). Calculate the greatest common divisor of x and 308.
28
Let j be (-2)/(-4)*(-8)/(-2). Suppose -j + 3 = -v, 2*p - v - 635 = 0. Let f = -125 + p. Calculate the greatest common divisor of 24 and f.
24
Let i(c) = 5*c**3 - 60*c**2 + c + 18. Let v be i(12). Calculate the greatest common divisor of v and 384.
6
Let m(g) = -g**3 - g**2 + 6*g + 6. Let i be m(-3). Let z be ((-76)/i - -2)*-3. Calculate the highest common factor of 48 and z.
16
Let j = -8 + 12. What is the highest common divisor of 116 and j?
4
Let n = -569 + 824. What is the highest common factor of 34 and n?
17
Suppose 13 = -4*n - x - 44, -x - 31 = 2*n. Let b be (n/2)/(20/(-8) - -2). Let g = 118 + -53. Calculate the greatest common factor of g and b.
13
Suppose -2 - 17 = -19*m. What is the greatest common divisor of m and 3?
1
Suppose -706 - 169 = -5*g. Let s = -293 + g. Let x = 208 + s. Calculate the highest common divisor of x and 36.
18
Suppose 0 = 9*r + 11 - 56. Let p be ((-801)/(-63) - r)/((-1)/(-7)). What is the highest common factor of p and 6?
6
Let k be 189/12 - (-7 + 81/12). Let w = 30 + -20. Suppose w = 4*p + 2. Calculate the highest common divisor of p and k.
2
Let h = 42 - 20. Let g = -36 + 47. Calculate the highest common divisor of h and g.
11
Suppose -15*c - 509 + 1349 = 0. What is the highest common divisor of 21 and c?
7
Suppose 166 - 3906 = -85*a. Suppose u + 2 - 6 = 0. Calculate the highest common divisor of u and a.
4
Suppose 3*n - 2*h - 8 = -n, 13 = n + 5*h. Suppose 4*c = -n*z - 4, -z - 1 - 3 = 0. Let k be (0 - c)*(-70)/4. What is the highest common factor of k and 14?
7
Let w be 36*-1*(-6)/8. Suppose 263 = 3*z + 254. Calculate the highest common divisor of w and z.
3
Let k = 8 + -4. Suppose s + 2*l - 18 = -0, -k = 2*l. Let p = 97 - 64. Calculate the greatest common factor of p and s.
11
Let r = 261 - 246. What is the greatest common divisor of 65 and r?
5
Let s be (-21)/(-14)*(-28)/(-6). Let k = 9 - s. Let w = 6 - k. Calculate the highest common factor of w and 20.
4
Let t be 6/3*2/1 - -62. What is the greatest common divisor of t and 176?
22
Suppose 208*t - 44 = 206*t. Let k = 53 - -2. What is the highest common divisor of t and k?
11
Let k(o) = 12*o - 81. Let m be k(11). Let g = -33 - -67. What is the greatest common divisor of m and g?
17
Let n be (10 + (-171)/18)*60. What is the greatest common divisor of n and 570?
30
Let x = 442 + -284. Suppose -718 + x = -4*q. Let s(m) = 2*m**2 - 5*m - 13. Let h be s(-3). Calculate the highest common factor of h and q.
20
Suppose -480 = 87*g - 93*g. Calculate the highest common factor of 48 and g.
16
Suppose 3*j + 15*j = 288. Calculate the greatest common divisor of j and 128.
16
Let q(r) = 10*r - 73. Let o be q(13). What is the highest common factor of o and 19?
19
Let t be (-4)/(-6) + (-2816)/(-24) + -6. Calculate the greatest common factor of t and 32.
16
Suppose 5*q + 4*i = -3 + 42, 2*q = -i + 15. Suppose 4*l + n - 7 - 2 = 0, 2*l = -2*n. Suppose -91 = -l*h + 56. Calculate the highest common factor of q and h.
7
Let b = -322 - -325. What is the greatest common divisor of b and 5?
1
Suppose 0 = -2*u - 3*u + 25. Suppose -u*f = -f - 28. Let x be 2 - (-1)/(3/78). Calculate the highest common factor of f and x.
7
Suppose 24*w - 528 = 20*w. Calculate the greatest common factor of w and 12.
12
Suppose -o - 5*q = -111 + 10, 4*o = 2*q + 448. Let p = -104 + o. Calculate the greatest common divisor of 21 and p.
7
Suppose 0*t - 13 = -t - r, 11 = 2*t - r. Calculate the highest common divisor of t and 104.
8
Let i(n) be the third derivative of 9*n**5/20 + n**4/12 - n**3/3 + 20*n**2. Let c be i(1). What is the greatest common factor of 45 and c?
9
Let h be (-1200)/(-45) + (1 - 5/3). Calculate the greatest common factor of 26 and h.
26
Let r be 4 - (-4)/(-2) - -1. Suppose -r*m + 0*m + 12 = 0. Suppose -34 = -3*g - m. What is the highest common factor of g and 30?
10
Suppose 0 = 4*c + 2*s - 60, 5*c - 5*s = 32 + 43. Suppose 6*x + x = 840. What is the highest common factor of c and x?
15
Let w(a) = a**3 - 2*a**2 + 9*a - 6. Let d be w(2). What is the greatest common divisor of 128 and d?
4
Suppose 3*l - 912 = -3*x, 0 = 5*x - 4*l - 1334 - 231. Suppose x = f + 99. What is the highest common factor of f and 30?
30
Let v(z) = -z**3 - 2*z**2 - z + 7. Let u be v(0). Suppose u*c + 15 = 10*c. Calculate the highest common factor of c and 35.
5
Suppose 2*t + 89 = 23. Let g = t - -73. Calculate the highest common divisor of 120 and g.
40
Let x(y) = 13*y - 5. Let q be x(7). Let v = 81 + q. Let l = 320 - v. Calculate the greatest common factor of 17 and l.
17
Let p(z) = z**2 + 3*z - 4. Let s be p(-4). Let j be 1 + -4 + s + 27. Suppose 0*r = 2*r - 120. What is the highest common factor of j and r?
12
Suppose -176 = -4*r - 0*r. Suppose p = -p + r. Suppose -l = 2*g - 3, -24*l - 4*g = -26*l + 38. Calculate the highest common divisor of p and l.
11
Suppose 2*y = 4*y + 6, -c - 3*y = 4. Suppose c*z + 0*z = 75. Calculate the greatest common factor of 3 and z.
3
Suppose -l - 24 = -5*d - 0, d = 2*l + 12. What is the greatest common divisor of 164 and d?
4
Let l = -11 + 19. Suppose -l*s = -4*s - 24. Calculate the highest common factor of s and 4.
2
Let c = 1086 - 1026. Calculate the highest common divisor of c and 8.
4
Suppose -4*b = 3*o - 3